7?
False
Is 6 a factor of 15559?
False
Does 25 divide 441?
False
Does 88 divide 20504?
True
Is 10396 a multiple of 158?
False
Is 138553 a multiple of 20?
False
Is 39 a factor of 1181?
False
Is 8239 a multiple of 16?
False
Is 6 a factor of 17349?
False
Does 5 divide 31?
False
Is 8033 a multiple of 142?
False
Is 25853 a multiple of 21?
False
Is 38 a factor of 1154?
False
Does 40 divide 3600?
True
Is 729 a multiple of 58?
False
Is 872 a multiple of 15?
False
Is 2224 a multiple of 16?
True
Is 23168 a multiple of 4?
True
Does 15 divide 218?
False
Is 242 a multiple of 51?
False
Is 11 a factor of 1144?
True
Does 32 divide 96?
True
Does 16 divide 333?
False
Is 103 a factor of 10609?
True
Does 107 divide 561?
False
Is 885 a multiple of 13?
False
Is 23 a factor of 161?
True
Is 26804 a multiple of 107?
False
Is 10 a factor of 429?
False
Is 1485 a multiple of 5?
True
Is 30 a factor of 9260?
False
Is 2397 a multiple of 47?
True
Does 69 divide 2070?
True
Does 11 divide 45326?
False
Is 16 a factor of 7152?
True
Is 19994 a multiple of 26?
True
Is 504 a multiple of 12?
True
Is 119 a multiple of 17?
True
Is 774 a multiple of 96?
False
Is 9639 a multiple of 9?
True
Is 2 a factor of 362?
True
Is 95 a factor of 679?
False
Does 15 divide 240?
True
Is 9398 a multiple of 37?
True
Is 112 a factor of 13206?
False
Is 829 a multiple of 6?
False
Is 143 a factor of 248?
False
Does 39 divide 9121?
False
Does 89 divide 3471?
True
Does 5 divide 18?
False
Does 56 divide 7896?
True
Is 8 a factor of 1156?
False
Is 2475 a multiple of 130?
False
Is 36816 a multiple of 177?
True
Does 19 divide 154?
False
Does 51 divide 25398?
True
Does 59 divide 14573?
True
Is 1400 a multiple of 33?
False
Is 3915 a multiple of 5?
True
Is 24 a multiple of 8?
True
Does 10 divide 95?
False
Is 6 a factor of 738?
True
Is 24 a factor of 1896?
True
Is 1541 a multiple of 10?
False
Is 9 a factor of 100287?
True
Is 92 a factor of 7452?
True
Is 1756 a multiple of 53?
False
Does 11 divide 1925?
True
Is 55 a factor of 385?
True
Is 21 a factor of 2709?
True
Is 19623 a multiple of 93?
True
Is 40 a factor of 76960?
True
Is 13 a factor of 3315?
True
Does 3 divide 455?
False
Does 27 divide 19575?
True
Is 17880 a multiple of 120?
True
Does 9 divide 477?
True
Is 18 a factor of 1494?
True
Is 5 a factor of 245?
True
Does 45 divide 5712?
False
Does 2 divide 76?
True
Does 11 divide 176?
True
Is 12818 a multiple of 64?
False
Is 99 a multiple of 9?
True
Is 13 a factor of 26?
True
Is 394 a multiple of 7?
False
Is 33696 a multiple of 6?
True
Is 10218 a multiple of 6?
True
Is 80 a factor of 7600?
True
Is 1370 a multiple of 4?
False
Is 71 a factor of 13064?
True
Is 1274 a multiple of 13?
True
Does 31 divide 55149?
True
Is 1555 a multiple of 11?
False
Does 78 divide 6549?
False
Is 111 a factor of 3638?
False
Is 21 a factor of 2634?
False
Is 2424 a multiple of 101?
True
Is 14 a factor of 4102?
True
Is 20224 a multiple of 16?
True
Is 25694 a multiple of 21?
False
Does 37 divide 1185?
False
Does 18 divide 7110?
True
Is 775 a multiple of 25?
True
Is 50 a factor of 1500?
True
Does 16 divide 368?
True
Does 46 divide 9070?
False
Does 5 divide 5985?
True
Is 15 a factor of 375?
True
Is 2671 a multiple of 3?
False
Is 2808 even?
True
Is 1943 a multiple of 183?
False
Is 37646 a multiple of 39?
False
Is 21315 a multiple of 7?
True
Does 12 divide 1582?
False
Is 514 a multiple of 2?
True
Is 207 a multiple of 9?
True
Is 8 a factor of 201?
False
Is 16 a factor of 2544?
True
Does 41 divide 1640?
True
Is 874 a multiple of 46?
True
Is 6696 a multiple of 186?
True
Does 13 divide 1692?
False
Is 609 a multiple of 87?
True
Does 42 divide 16572?
False
Does 37 divide 333?
True
Is 68 a factor of 3254?
False
Does 44 divide 7976?
False
Is 182 a multiple of 26?
True
Is 136 a factor of 18904?
True
Is 345 a multiple of 15?
True
Is 13 a factor of 1028?
False
Does 14 divide 5107?
False
Is 55 a factor of 501?
False
Is 928 a multiple of 32?
True
Is 49 a multiple of 8?
False
Does 3 divide 28403?
False
Is 22 a factor of 16077?
False
Is 7 a factor of 374?
False
Is 2109 a multiple of 37?
True
Is 13 a factor of 10153?
True
Is 52 a factor of 2756?
True
Does 21 divide 14327?
False
Does 92 divide 3805?
False
Is 113 a multiple of 8?
False
Does 3 divide 228?
True
Does 16 divide 38243?
False
Does 45 divide 405?
True
Is 1504 a multiple of 116?
False
Does 2 divide 678?
True
Is 12 a factor of 4606?
False
Is 205 a factor of 10515?
False
Is 12 a factor of 4944?
True
Does 7 divide 1601?
False
Does 3 divide 3?
True
Is 2426 a multiple of 8?
False
Is 76 a factor of 20292?
True
Does 18 divide 1071?
False
Is 5538 a multiple of 26?
True
Does 21 divide 168?
True
Does 88 divide 1144?
True
Is 17 a factor of 935?
True
Is 21 a factor of 25852?
False
Is 695 a multiple of 11?
False
Is 65 a factor of 1560?
True
Is 35576 a multiple of 48?
False
Does 10 divide 917?
False
Is 1288 a multiple of 4?
True
Does 16 divide 1404?
False
Is 9750 a multiple of 26?
True
Is 18 a factor of 3993?
False
Is 129 a factor of 5609?
False
Is 483 a multiple of 23?
True
Is 11 a factor of 451?
True
Does 27 divide 74?
False
Does 11 divide 24255?
True
Does 14 divide 19012?
True
Is 495 a multiple of 11?
True
Does 9 divide 561?
False
Does 6 divide 35613?
False
Is 63 a multiple of 9?
True
Is 147 a multiple of 2?
False
Does 24 divide 34390?
False
Does 13 divide 1339?
True
Is 559 a multiple of 85?
False
Is 195 a multiple of 15?
True
Is 391 a multiple of 23?
True
Is 18116 a multiple of 12?
False
Does 3 divide 363?
True
Is 2467 a multiple of 58?
False
Is 6 a factor of 312?
True
Does 42 divide 2352?
True
Is 3441 a multiple of 111?
True
Does 23 divide 10511?
True
Is 3987 a multiple of 78?
False
Does 2 divide 80?
True
Does 21 divide 971?
False
Does 67 divide 577?
False
Is 665 a multiple of 35?
True
Is 28 a factor of 59718?
False
Is 4 a factor of 12673?
False
Is 15 a factor of 2942?
False
Does 13 divide 972?
False
Is 24 a factor of 16689?
False
Does 20 divide 3260?
True
Does 95 divide 1066?
False
Is 14518 a multiple of 17?
True
Is 11 a factor of 143?
True
Does 71 divide 8449?
True
Is 135 a multiple of 12?
False
Is 17375 a multiple of 25?
True
Does 21 divide 4623?
False
Is 3875 a multiple of 7?
False
Is 77 a multiple of 7?
True
Is 245 a multiple of 5?
True
Is 932 a multiple of 80?
False
Is 5875 a multiple of 25?
True
Is 48705 a multiple of 182?
False
Is 1430 a multiple of 16?
False
Is 48544 a multiple of 41?
True
Is 14 a factor of 1540?
True
Does 6 divide 17754?
True
Is 16 a factor of 448?
True
Is 13 a factor of 1851?
False
Is 34 a factor of 11866?
True
Does 70 divide 221?
False
Is 98 a factor of 1314?
False
Is 289 a factor of 40460?
True
Does 19 divide 3822?
False
Does 11 divide 9959?
False
Does 12 divide 50365?
False
Is 782 a multiple of 34?
True
Is 3399 a multiple of 13?
False
Is 2538 a multiple of 95?
False
Does 16 divide 8463?
False
Is 76 a factor of 90198?
False
Is 4 a factor of 2067?
False
Is 18 a factor of 630?
True
Does 25 divide 2150?
True
Is 15 a factor of 540?
True
Is 98982 a multiple of 27?
True
Does 19 divide 2489?
True
Is 9 a factor of 2925?
True
Is 9082 a multiple of 11?
False
Does 9 divide 99?
True
Does 7 divide 1064?
True
Is 354 a multiple of 13?
False
Is 4180 a multiple of 11?
True
Is 1060 a multiple of 23?
False
Does 96 divide 23188?
False
Does 10 divide 73534?
False
Is 12 a factor of 948?
True
Does 117 divide 3057?
False
Is 92120 a multiple of 20?
True
Is 7671 a multiple of 19?
False
Is 38 a factor of 3341?
False
Is 44549 a multiple of 90?
False
Does 6 divide 24?
True
Is 188 a multiple of 2?
True
Is 49 a factor of 1666?
True
Is 729 a multiple of 27?
True
Is 130 a multiple of 13?
True
Does 101 divide 21816?
True
Is 147 a factor of 2352?
True
Does 35 divide 13272?
False
Is 2780 a multiple of 25?
False
Is 1466 a multiple of 17?
False
Does 49 divide 698?
False
Does 4 divide 164?
True
Is 15 a multiple of 14?
False
Is 991 a multiple of 8?
False
Is 25 a factor of 68?
False
Is 3387 a multiple of 92?
False
Is 2499 a multiple of 17?
True
Is 6744 a multiple of 3?
True
Does 9 divide 412?
False
Is 1768 a multiple of 13?
True
Does 4 divide 43?
False
Is 4210 a multiple of 5?
True
Is 37 a factor of 1702?
True
Is 2262 a multiple of 26?
True
Is 2886 even?
True
Is 38540 a multiple of 188?
True
Is 202 a factor of 26058?
True
Is 